{"id":294,"date":"2014-11-26T13:11:14","date_gmt":"2014-11-26T17:11:14","guid":{"rendered":"https:\/\/demo.mekshq.com\/voice\/?page_id=294"},"modified":"2022-04-11T08:58:16","modified_gmt":"2022-04-11T12:58:16","slug":"contato","status":"publish","type":"page","link":"https:\/\/cactodigital.com.br\/fournews\/contato\/","title":{"rendered":"Contato"},"content":{"rendered":"\n<p>A <strong>Four News <\/strong>tem o prazer em saber sua opini\u00e3o para solucionar suas d\u00favidas ou sugest\u00f5es. Sinta-se \u00e0 vontade para entrar em contato conosco!<\/p>\n\n\n<div class=\"wpforms-container wpforms-container-full wpcf7\" id=\"wpforms-1025\"><form id=\"wpforms-form-1025\" class=\"wpforms-validate wpforms-form\" data-formid=\"1025\" method=\"post\" enctype=\"multipart\/form-data\" action=\"\/fournews\/wp-json\/wp\/v2\/pages\/294\" data-token=\"5e2a31d8c619238fc572ba64497872b7\"><noscript class=\"wpforms-error-noscript\">Ative o JavaScript no seu navegador para preencher este formul\u00e1rio.<\/noscript><div class=\"wpforms-field-container\"><div id=\"wpforms-1025-field_0-container\" class=\"wpforms-field wpforms-field-name\" data-field-id=\"0\"><label class=\"wpforms-field-label\" for=\"wpforms-1025-field_0\">Seu Nome <span class=\"wpforms-required-label\">*<\/span><\/label><input type=\"text\" id=\"wpforms-1025-field_0\" class=\"wpforms-field-large wpforms-field-required\" name=\"wpforms[fields][0]\" required><\/div><div id=\"wpforms-1025-field_1-container\" class=\"wpforms-field wpforms-field-email\" data-field-id=\"1\"><label class=\"wpforms-field-label\" for=\"wpforms-1025-field_1\">Seu Email <span class=\"wpforms-required-label\">*<\/span><\/label><input type=\"email\" id=\"wpforms-1025-field_1\" class=\"wpforms-field-large wpforms-field-required\" name=\"wpforms[fields][1]\" required><\/div><div id=\"wpforms-1025-field_3-container\" class=\"wpforms-field wpforms-field-text\" data-field-id=\"3\"><label class=\"wpforms-field-label\" for=\"wpforms-1025-field_3\">Assunto<\/label><input type=\"text\" id=\"wpforms-1025-field_3\" class=\"wpforms-field-large\" name=\"wpforms[fields][3]\" ><\/div><div id=\"wpforms-1025-field_2-container\" class=\"wpforms-field wpforms-field-textarea\" data-field-id=\"2\"><label class=\"wpforms-field-label\" for=\"wpforms-1025-field_2\">Sua Mensagem <span class=\"wpforms-required-label\">*<\/span><\/label><textarea id=\"wpforms-1025-field_2\" class=\"wpforms-field-medium wpforms-field-required\" name=\"wpforms[fields][2]\" required><\/textarea><\/div><div id=\"wpforms-1025-field_4-container\" class=\"wpforms-field wpforms-field-checkbox wpcf7-list-item wpcf7-list-item-terms wpforms-list-inline\" data-field-id=\"4\"><label class=\"wpforms-field-label wpforms-label-hide\" for=\"wpforms-1025-field_4\">Caixas de marca\u00e7\u00e3o <span class=\"wpforms-required-label\">*<\/span><\/label><ul id=\"wpforms-1025-field_4\" class=\"wpforms-field-required\"><li class=\"choice-1 depth-1\"><input type=\"checkbox\" id=\"wpforms-1025-field_4_1\" name=\"wpforms[fields][4][]\" value=\"Autorizo \u200b\u200bque meus dados sejam armazenados de acordo com a &lt;a href=&quot;\/fournews\/politica-de-privacidade&quot; target=&quot;_blank&quot;&gt;pol\u00edtica de privacidade&lt;\/a&gt;.\" required ><label class=\"wpforms-field-label-inline\" for=\"wpforms-1025-field_4_1\">Autorizo \u200b\u200bque meus dados sejam armazenados de acordo com a <a href=\"\/fournews\/politica-de-privacidade\" target=\"_blank\">pol\u00edtica de privacidade<\/a>.<\/label><\/li><\/ul><\/div><div id=\"wpforms-1025-field_5-container\" class=\"wpforms-field wpforms-field-email\" data-field-id=\"5\"><label class=\"wpforms-field-label\" for=\"wpforms-1025-field_5\">E-mail <span class=\"wpforms-required-label\">*<\/span><\/label><input type=\"email\" id=\"wpforms-1025-field_5\" class=\"wpforms-field-medium wpforms-field-required\" name=\"wpforms[fields][5]\" required><\/div><\/div><div class=\"wpforms-field wpforms-field-hp\"><label for=\"wpforms-1025-field-hp\" class=\"wpforms-field-label\">Phone<\/label><input type=\"text\" name=\"wpforms[hp]\" id=\"wpforms-1025-field-hp\" class=\"wpforms-field-medium\"><\/div><input type=\"hidden\" name=\"wpforms[recaptcha]\" value=\"\"><div class=\"wpforms-submit-container\"><input type=\"hidden\" name=\"wpforms[id]\" value=\"1025\"><input type=\"hidden\" name=\"wpforms[author]\" value=\"1\"><button type=\"submit\" name=\"wpforms[submit]\" id=\"wpforms-submit-1025\" class=\"wpforms-submit\" data-alt-text=\"Enviando...\" data-submit-text=\"Enviar\" aria-live=\"assertive\" value=\"wpforms-submit\">Enviar<\/button><\/div><\/form><\/div>  <!-- .wpforms-container -->\n","protected":false},"excerpt":{"rendered":"<p>A Four News tem o prazer em saber sua opini\u00e3o para solucionar suas d\u00favidas ou sugest\u00f5es. Sinta-se \u00e0 vontade para entrar em contato conosco!<\/p>\n","protected":false},"author":1,"featured_media":0,"parent":0,"menu_order":0,"comment_status":"closed","ping_status":"closed","template":"","meta":{"footnotes":""},"class_list":["post-294","page","type-page","status-publish","hentry"],"yoast_head":"<!-- This site is optimized with the Yoast SEO plugin v19.6.1 - https:\/\/yoast.com\/wordpress\/plugins\/seo\/ -->\n<title>Contato - Four News<\/title>\n<meta name=\"robots\" content=\"index, follow, max-snippet:-1, max-image-preview:large, max-video-preview:-1\" \/>\n<link rel=\"canonical\" href=\"https:\/\/cactodigital.com.br\/fournews\/contato\/\" \/>\n<meta property=\"og:locale\" content=\"pt_BR\" \/>\n<meta property=\"og:type\" content=\"article\" \/>\n<meta property=\"og:title\" content=\"Contato - Four News\" \/>\n<meta property=\"og:description\" content=\"A Four News tem o prazer em saber sua opini\u00e3o para solucionar suas d\u00favidas ou sugest\u00f5es. Sinta-se \u00e0 vontade para entrar em contato conosco!\" \/>\n<meta property=\"og:url\" content=\"https:\/\/cactodigital.com.br\/fournews\/contato\/\" \/>\n<meta property=\"og:site_name\" content=\"Four News\" \/>\n<meta property=\"article:publisher\" content=\"https:\/\/www.facebook.com\/MSNegociosidro\" \/>\n<meta property=\"article:modified_time\" content=\"2022-04-11T12:58:16+00:00\" \/>\n<meta name=\"twitter:card\" content=\"summary_large_image\" \/>\n<script type=\"application\/ld+json\" class=\"yoast-schema-graph\">{\"@context\":\"https:\/\/schema.org\",\"@graph\":[{\"@type\":\"WebPage\",\"@id\":\"https:\/\/cactodigital.com.br\/fournews\/contato\/\",\"url\":\"https:\/\/cactodigital.com.br\/fournews\/contato\/\",\"name\":\"Contato - Four News\",\"isPartOf\":{\"@id\":\"https:\/\/cactodigital.com.br\/fournews\/#website\"},\"datePublished\":\"2014-11-26T17:11:14+00:00\",\"dateModified\":\"2022-04-11T12:58:16+00:00\",\"breadcrumb\":{\"@id\":\"https:\/\/cactodigital.com.br\/fournews\/contato\/#breadcrumb\"},\"inLanguage\":\"pt-BR\",\"potentialAction\":[{\"@type\":\"ReadAction\",\"target\":[\"https:\/\/cactodigital.com.br\/fournews\/contato\/\"]}]},{\"@type\":\"BreadcrumbList\",\"@id\":\"https:\/\/cactodigital.com.br\/fournews\/contato\/#breadcrumb\",\"itemListElement\":[{\"@type\":\"ListItem\",\"position\":1,\"name\":\"In\u00edcio\",\"item\":\"https:\/\/cactodigital.com.br\/fournews\/\"},{\"@type\":\"ListItem\",\"position\":2,\"name\":\"Contato\"}]},{\"@type\":\"WebSite\",\"@id\":\"https:\/\/cactodigital.com.br\/fournews\/#website\",\"url\":\"https:\/\/cactodigital.com.br\/fournews\/\",\"name\":\"Four News\",\"description\":\"O portal de not\u00edcias de Sidrol\u00e2ndia - MS\",\"publisher\":{\"@id\":\"https:\/\/cactodigital.com.br\/fournews\/#organization\"},\"potentialAction\":[{\"@type\":\"SearchAction\",\"target\":{\"@type\":\"EntryPoint\",\"urlTemplate\":\"https:\/\/cactodigital.com.br\/fournews\/?s={search_term_string}\"},\"query-input\":\"required name=search_term_string\"}],\"inLanguage\":\"pt-BR\"},{\"@type\":\"Organization\",\"@id\":\"https:\/\/cactodigital.com.br\/fournews\/#organization\",\"name\":\"Four News\",\"url\":\"https:\/\/cactodigital.com.br\/fournews\/\",\"sameAs\":[\"https:\/\/www.instagram.com\/msnegocios\/\",\"https:\/\/www.facebook.com\/MSNegociosidro\"],\"logo\":{\"@type\":\"ImageObject\",\"inLanguage\":\"pt-BR\",\"@id\":\"https:\/\/cactodigital.com.br\/fournews\/#\/schema\/logo\/image\/\",\"url\":\"https:\/\/cactodigital.com.br\/fournews\/wp-content\/uploads\/2022\/04\/logo.png\",\"contentUrl\":\"https:\/\/cactodigital.com.br\/fournews\/wp-content\/uploads\/2022\/04\/logo.png\",\"width\":148,\"height\":36,\"caption\":\"Four News\"},\"image\":{\"@id\":\"https:\/\/cactodigital.com.br\/fournews\/#\/schema\/logo\/image\/\"}}]}<\/script>\n<!-- \/ Yoast SEO plugin. -->","yoast_head_json":{"title":"Contato - Four News","robots":{"index":"index","follow":"follow","max-snippet":"max-snippet:-1","max-image-preview":"max-image-preview:large","max-video-preview":"max-video-preview:-1"},"canonical":"https:\/\/cactodigital.com.br\/fournews\/contato\/","og_locale":"pt_BR","og_type":"article","og_title":"Contato - Four News","og_description":"A Four News tem o prazer em saber sua opini\u00e3o para solucionar suas d\u00favidas ou sugest\u00f5es. Sinta-se \u00e0 vontade para entrar em contato conosco!","og_url":"https:\/\/cactodigital.com.br\/fournews\/contato\/","og_site_name":"Four News","article_publisher":"https:\/\/www.facebook.com\/MSNegociosidro","article_modified_time":"2022-04-11T12:58:16+00:00","twitter_card":"summary_large_image","schema":{"@context":"https:\/\/schema.org","@graph":[{"@type":"WebPage","@id":"https:\/\/cactodigital.com.br\/fournews\/contato\/","url":"https:\/\/cactodigital.com.br\/fournews\/contato\/","name":"Contato - Four News","isPartOf":{"@id":"https:\/\/cactodigital.com.br\/fournews\/#website"},"datePublished":"2014-11-26T17:11:14+00:00","dateModified":"2022-04-11T12:58:16+00:00","breadcrumb":{"@id":"https:\/\/cactodigital.com.br\/fournews\/contato\/#breadcrumb"},"inLanguage":"pt-BR","potentialAction":[{"@type":"ReadAction","target":["https:\/\/cactodigital.com.br\/fournews\/contato\/"]}]},{"@type":"BreadcrumbList","@id":"https:\/\/cactodigital.com.br\/fournews\/contato\/#breadcrumb","itemListElement":[{"@type":"ListItem","position":1,"name":"In\u00edcio","item":"https:\/\/cactodigital.com.br\/fournews\/"},{"@type":"ListItem","position":2,"name":"Contato"}]},{"@type":"WebSite","@id":"https:\/\/cactodigital.com.br\/fournews\/#website","url":"https:\/\/cactodigital.com.br\/fournews\/","name":"Four News","description":"O portal de not\u00edcias de Sidrol\u00e2ndia - MS","publisher":{"@id":"https:\/\/cactodigital.com.br\/fournews\/#organization"},"potentialAction":[{"@type":"SearchAction","target":{"@type":"EntryPoint","urlTemplate":"https:\/\/cactodigital.com.br\/fournews\/?s={search_term_string}"},"query-input":"required name=search_term_string"}],"inLanguage":"pt-BR"},{"@type":"Organization","@id":"https:\/\/cactodigital.com.br\/fournews\/#organization","name":"Four News","url":"https:\/\/cactodigital.com.br\/fournews\/","sameAs":["https:\/\/www.instagram.com\/msnegocios\/","https:\/\/www.facebook.com\/MSNegociosidro"],"logo":{"@type":"ImageObject","inLanguage":"pt-BR","@id":"https:\/\/cactodigital.com.br\/fournews\/#\/schema\/logo\/image\/","url":"https:\/\/cactodigital.com.br\/fournews\/wp-content\/uploads\/2022\/04\/logo.png","contentUrl":"https:\/\/cactodigital.com.br\/fournews\/wp-content\/uploads\/2022\/04\/logo.png","width":148,"height":36,"caption":"Four News"},"image":{"@id":"https:\/\/cactodigital.com.br\/fournews\/#\/schema\/logo\/image\/"}}]}},"_links":{"self":[{"href":"https:\/\/cactodigital.com.br\/fournews\/wp-json\/wp\/v2\/pages\/294","targetHints":{"allow":["GET"]}}],"collection":[{"href":"https:\/\/cactodigital.com.br\/fournews\/wp-json\/wp\/v2\/pages"}],"about":[{"href":"https:\/\/cactodigital.com.br\/fournews\/wp-json\/wp\/v2\/types\/page"}],"author":[{"embeddable":true,"href":"https:\/\/cactodigital.com.br\/fournews\/wp-json\/wp\/v2\/users\/1"}],"replies":[{"embeddable":true,"href":"https:\/\/cactodigital.com.br\/fournews\/wp-json\/wp\/v2\/comments?post=294"}],"version-history":[{"count":3,"href":"https:\/\/cactodigital.com.br\/fournews\/wp-json\/wp\/v2\/pages\/294\/revisions"}],"predecessor-version":[{"id":16938,"href":"https:\/\/cactodigital.com.br\/fournews\/wp-json\/wp\/v2\/pages\/294\/revisions\/16938"}],"wp:attachment":[{"href":"https:\/\/cactodigital.com.br\/fournews\/wp-json\/wp\/v2\/media?parent=294"}],"curies":[{"name":"wp","href":"https:\/\/api.w.org\/{rel}","templated":true}]}}